{"id":542,"date":"2021-02-02T19:09:49","date_gmt":"2021-02-02T18:09:49","guid":{"rendered":"http:\/\/version2.freesens.net\/?post_type=product&#038;p=542"},"modified":"2021-02-21T13:03:23","modified_gmt":"2021-02-21T12:03:23","slug":"la-creme-pour-les-pieds-en-gros-tube-eco-de-150-ml","status":"publish","type":"product","link":"https:\/\/freesens.net\/?product=la-creme-pour-les-pieds-en-gros-tube-eco-de-150-ml","title":{"rendered":"Cr\u00e8me pieds 150 ml"},"content":{"rendered":"<p><i class=\"icon-search-line\" style=\"color:#5A2C60\"><\/i>EN SAVOIR PLUS<\/p>\n<p>Elle est enrichie en 3 principes actifs\u00a0:<\/p>\n<p><span style=\"color: #000040;\"><i class=\"icon-check\" style=\"color:#8AA932\"><\/i>\u00a0<\/span>Le\u00a0Beurre de Karit\u00e9 BIO, pour ses qualit\u00e9s nourrissantes, hydratantes et r\u00e9g\u00e9n\u00e9ratrices sur les callosit\u00e9s du talon.<\/p>\n<p><span style=\"color: #000040;\"><i class=\"icon-check\" style=\"color:#8AA932\"><\/i>\u00a0 <\/span>L\u2019Huile S\u00e8che de Macadamia, pour son action r\u00e9g\u00e9n\u00e9ratrice, nourrissante et cicatrisante.<\/p>\n<p><span style=\"color: #000040;\"><i class=\"icon-check\" style=\"color:#8AA932\"><\/i>\u00a0 <\/span>L\u2019Ur\u00e9e, pour ses qualit\u00e9s hydratantes et k\u00e9ratolytiques sur les callosit\u00e9s du pied.<\/p>\n<p>Sa texture et son parfum sont tr\u00e8s agr\u00e9ables. Elle est sans paraben, sans colorant, et sans graisses animales.<\/p>\n<p>Sp\u00e9cialement recommand\u00e9e pour les pieds secs et tr\u00e8s secs, elle hydrate, nourrit et assouplit la peau.<\/p>\n","protected":false},"excerpt":{"rendered":"<p>R\u00e9f\u00e9rence : 3770008189126<\/p>\n<p>Gros tube \u00e9conomique de 150 ml<\/p>\n","protected":false},"featured_media":543,"comment_status":"closed","ping_status":"closed","template":"","meta":[],"_links":{"self":[{"href":"https:\/\/freesens.net\/index.php?rest_route=\/wp\/v2\/product\/542"}],"collection":[{"href":"https:\/\/freesens.net\/index.php?rest_route=\/wp\/v2\/product"}],"about":[{"href":"https:\/\/freesens.net\/index.php?rest_route=\/wp\/v2\/types\/product"}],"replies":[{"embeddable":true,"href":"https:\/\/freesens.net\/index.php?rest_route=%2Fwp%2Fv2%2Fcomments&post=542"}],"wp:featuredmedia":[{"embeddable":true,"href":"https:\/\/freesens.net\/index.php?rest_route=\/wp\/v2\/media\/543"}],"wp:attachment":[{"href":"https:\/\/freesens.net\/index.php?rest_route=%2Fwp%2Fv2%2Fmedia&parent=542"}],"curies":[{"name":"wp","href":"https:\/\/api.w.org\/{rel}","templated":true}]}}