{"id":415,"date":"2021-02-03T19:00:49","date_gmt":"2021-02-03T18:00:49","guid":{"rendered":"http:\/\/version2.freesens.net\/?post_type=product&#038;p=415"},"modified":"2023-02-13T18:28:57","modified_gmt":"2023-02-13T17:28:57","slug":"savon-naturel-dalep","status":"publish","type":"product","link":"https:\/\/freesens.net\/?product=savon-naturel-dalep","title":{"rendered":"Savon NATUREL D&rsquo;ALEP 500ML"},"content":{"rendered":"<p><i class=\"icon-search-line\" style=\"color:#5A2C60\"><\/i>EN SAVOIR PLUS<\/p>\n<p><i class=\"icon-check\" style=\"color:#8AA932\"><\/i> Savon Naturel d&rsquo;Alep, \u00e0 base d&rsquo;huile d&rsquo;Olive et d&rsquo;huile de Laurier naturelles .<\/p>\n<p><i class=\"icon-check\" style=\"color:#8AA932\"><\/i>\u00a0Visage et Corps &#8211; peaux s\u00e8ches et sensibles.<\/p>\n<p><i class=\"icon-check\" style=\"color:#8AA932\"><\/i> Ce savon est fabriqu\u00e9 suivant la formule originale utilis\u00e9e \u00e0 Alep par la saponification de 80% d&rsquo;Huile de baies de Laurier. Il est particuli\u00e8rement indiqu\u00e9 pour les peaux s\u00e8ches, tr\u00e8s s\u00e8ches et sensibles.<\/p>\n<p><i class=\"icon-check\" style=\"color:#8AA932\"><\/i> Sa texture et sa couleur peuvent \u00e9voluer en cas de baisse de temp\u00e9rature mais cette cristallisation r\u00e9versible n&rsquo;alt\u00e8re en rien la qualit\u00e9 du savon.<\/p>\n<div class=\"footer-container\">\n<footer id=\"footer\" class=\"container\">\n<div class=\"row\">\n<div id=\"newsletter_block_left\" class=\"block\"><\/div>\n<\/div>\n<\/footer>\n<\/div>\n<div class=\"columns-container\">\n<div id=\"columns\" class=\"container\">\n<div class=\"row\">\n<div id=\"center_column\" class=\"center_column col-xs-12 col-sm-12\">\n<section class=\"page-product-box\">\n<div class=\"rte\">\n<p>&nbsp;<\/p>\n<\/div>\n<\/section>\n<\/div>\n<\/div>\n<\/div>\n<\/div>\n<div class=\"footer-container\">\n<footer id=\"footer\" class=\"container\">\n<div class=\"row\">\n<div id=\"newsletter_block_left\" class=\"block\"><\/div>\n<\/div>\n<\/footer>\n<\/div>\n","protected":false},"excerpt":{"rendered":"<p id=\"product_reference\"><label>R\u00e9f\u00e9rence :<\/label> 3770008189096<\/p>\n<p id=\"product_condition\"><label>\u00c9tat :<\/label>\u00a0<span class=\"editable\">Nouveau produit<\/span><\/p>\n<div id=\"short_description_block\">\n<div id=\"short_description_content\" class=\"rte align_justify\">\n<p>SAVON NATUREL D&rsquo;ALEP 500mL<\/p>\n<\/div>\n<\/div>\n<div style=\"width: 848px;\" class=\"wp-video\"><!--[if lt IE 9]><script>document.createElement('video');<\/script><![endif]-->\n<video class=\"wp-video-shortcode\" id=\"video-415-1\" width=\"848\" height=\"480\" preload=\"metadata\" controls=\"controls\"><source type=\"video\/mp4\" src=\"http:\/\/freesens.net\/wp-content\/uploads\/2021\/02\/video-savon-dalep.mp4?_=1\" \/><a href=\"http:\/\/freesens.net\/wp-content\/uploads\/2021\/02\/video-savon-dalep.mp4\">http:\/\/freesens.net\/wp-content\/uploads\/2021\/02\/video-savon-dalep.mp4<\/a><\/video><\/div>\n<p>&nbsp;<\/p>\n","protected":false},"featured_media":416,"comment_status":"closed","ping_status":"closed","template":"","meta":[],"_links":{"self":[{"href":"https:\/\/freesens.net\/index.php?rest_route=\/wp\/v2\/product\/415"}],"collection":[{"href":"https:\/\/freesens.net\/index.php?rest_route=\/wp\/v2\/product"}],"about":[{"href":"https:\/\/freesens.net\/index.php?rest_route=\/wp\/v2\/types\/product"}],"replies":[{"embeddable":true,"href":"https:\/\/freesens.net\/index.php?rest_route=%2Fwp%2Fv2%2Fcomments&post=415"}],"wp:featuredmedia":[{"embeddable":true,"href":"https:\/\/freesens.net\/index.php?rest_route=\/wp\/v2\/media\/416"}],"wp:attachment":[{"href":"https:\/\/freesens.net\/index.php?rest_route=%2Fwp%2Fv2%2Fmedia&parent=415"}],"curies":[{"name":"wp","href":"https:\/\/api.w.org\/{rel}","templated":true}]}}